{"id":8903,"date":"2023-02-15T12:45:28","date_gmt":"2023-02-15T11:45:28","guid":{"rendered":"http:\/\/www.lesjardinsdelaroussiere.fr\/?page_id=8903"},"modified":"2026-03-28T12:34:39","modified_gmt":"2026-03-28T11:34:39","slug":"la-viande-de-porc","status":"publish","type":"page","link":"https:\/\/www.lesjardinsdelaroussiere.fr\/?page_id=8903","title":{"rendered":"La viande de porc et d&rsquo;agneau"},"content":{"rendered":"<p><a href=\"http:\/\/lesjardinsdelaroussiere.fr\/wp-content\/uploads\/2023\/03\/aurelie.jpg\"><img decoding=\"async\" loading=\"lazy\" class=\"aligncenter size-full wp-image-9014\" src=\"http:\/\/lesjardinsdelaroussiere.fr\/wp-content\/uploads\/2023\/03\/aurelie.jpg\" alt=\"\" width=\"200\" height=\"150\" \/><\/a>Aur\u00e9lie MARSAIS est install\u00e9e \u00e0 la ferme du grand bitoir \u00e0 St Cl\u00e9ment de la Place.<\/p>\n<p><a href=\"http:\/\/lesjardinsdelaroussiere.fr\/wp-content\/uploads\/2023\/03\/les-porcs-du-butiloire-saint-clement-de-la-place.jpg\"><img decoding=\"async\" loading=\"lazy\" class=\"aligncenter wp-image-9015 size-medium\" src=\"http:\/\/lesjardinsdelaroussiere.fr\/wp-content\/uploads\/2023\/03\/les-porcs-du-butiloire-saint-clement-de-la-place-300x236.jpg\" alt=\"\" width=\"300\" height=\"236\" srcset=\"http:\/\/lesjardinsdelaroussiere.fr\/wp-content\/uploads\/2023\/03\/les-porcs-du-butiloire-saint-clement-de-la-place-300x236.jpg 300w, http:\/\/lesjardinsdelaroussiere.fr\/wp-content\/uploads\/2023\/03\/les-porcs-du-butiloire-saint-clement-de-la-place-381x300.jpg 381w, http:\/\/lesjardinsdelaroussiere.fr\/wp-content\/uploads\/2023\/03\/les-porcs-du-butiloire-saint-clement-de-la-place.jpg 678w\" sizes=\"(max-width: 300px) 100vw, 300px\" \/><\/a>D\u00e9couvrir le contrat <strong>porc<\/strong> : <a href=\"http:\/\/lesjardinsdelaroussiere.fr\/wp-content\/uploads\/2026\/03\/Contrat-Porc-2026-definitif.pdf\" target=\"_blank\" rel=\"noopener\">produits, tarifs et dates de livraison<\/a><\/p>\n<p>Contacter la personne r\u00e9f\u00e9rente des contrats porc et charcuterie :\u00a0Daniel CAHAREL\u00a0 <a href=\"mailto:dcaharel@yahoo\" target=\"_blank\" rel=\"noopener\">dcaharel@yahoo<\/a><\/p>\n<p>&nbsp;<\/p>\n<p>D\u00e9couvrir le contrat <strong>agneau<\/strong> : <a href=\"http:\/\/lesjardinsdelaroussiere.fr\/wp-content\/uploads\/2026\/03\/Contrat-agneau-2026-pdf.pdf\" target=\"_blank\" rel=\"noopener\">produits, tarifs et dates de livraison<\/a><\/p>\n<p>Contacter la personne r\u00e9f\u00e9rente du contrat agneau : Daniel CAHAREL\u00a0 <a href=\"mailto:dcaharel@yahoo\" target=\"_blank\" rel=\"noopener\">dcaharel@yahoo<\/a><\/p>\n","protected":false},"excerpt":{"rendered":"<p>Aur\u00e9lie MARSAIS est install\u00e9e \u00e0 la ferme du grand bitoir \u00e0 St Cl\u00e9ment de la Place. D\u00e9couvrir le contrat porc : produits, tarifs et dates de livraison Contacter la personne r\u00e9f\u00e9rente des contrats porc et charcuterie :\u00a0Daniel CAHAREL\u00a0 dcaharel@yahoo &nbsp; &hellip; <a href=\"https:\/\/www.lesjardinsdelaroussiere.fr\/?page_id=8903\">Continuer la lecture <span class=\"meta-nav\">&rarr;<\/span><\/a><\/p>\n","protected":false},"author":1,"featured_media":0,"parent":145,"menu_order":0,"comment_status":"closed","ping_status":"closed","template":"","meta":[],"_links":{"self":[{"href":"https:\/\/www.lesjardinsdelaroussiere.fr\/index.php?rest_route=\/wp\/v2\/pages\/8903"}],"collection":[{"href":"https:\/\/www.lesjardinsdelaroussiere.fr\/index.php?rest_route=\/wp\/v2\/pages"}],"about":[{"href":"https:\/\/www.lesjardinsdelaroussiere.fr\/index.php?rest_route=\/wp\/v2\/types\/page"}],"author":[{"embeddable":true,"href":"https:\/\/www.lesjardinsdelaroussiere.fr\/index.php?rest_route=\/wp\/v2\/users\/1"}],"replies":[{"embeddable":true,"href":"https:\/\/www.lesjardinsdelaroussiere.fr\/index.php?rest_route=%2Fwp%2Fv2%2Fcomments&post=8903"}],"version-history":[{"count":22,"href":"https:\/\/www.lesjardinsdelaroussiere.fr\/index.php?rest_route=\/wp\/v2\/pages\/8903\/revisions"}],"predecessor-version":[{"id":9547,"href":"https:\/\/www.lesjardinsdelaroussiere.fr\/index.php?rest_route=\/wp\/v2\/pages\/8903\/revisions\/9547"}],"up":[{"embeddable":true,"href":"https:\/\/www.lesjardinsdelaroussiere.fr\/index.php?rest_route=\/wp\/v2\/pages\/145"}],"wp:attachment":[{"href":"https:\/\/www.lesjardinsdelaroussiere.fr\/index.php?rest_route=%2Fwp%2Fv2%2Fmedia&parent=8903"}],"curies":[{"name":"wp","href":"https:\/\/api.w.org\/{rel}","templated":true}]}}

<p><a href="http://lesjardinsdelaroussiere.fr/wp-content/uploads/2023/03/aurelie.jpg"><img decoding="async" loading="lazy" class="aligncenter size-full wp-image-9014" src="http://lesjardinsdelaroussiere.fr/wp-content/uploads/2023/03/aurelie.jpg" alt="" width="200" height="150" /></a>Aurélie MARSAIS est installée à la ferme du grand bitoir à St Clément de la Place.</p>
<p><a href="http://lesjardinsdelaroussiere.fr/wp-content/uploads/2023/03/les-porcs-du-butiloire-saint-clement-de-la-place.jpg"><img decoding="async" loading="lazy" class="aligncenter wp-image-9015 size-medium" src="http://lesjardinsdelaroussiere.fr/wp-content/uploads/2023/03/les-porcs-du-butiloire-saint-clement-de-la-place-300x236.jpg" alt="" width="300" height="236" srcset="http://lesjardinsdelaroussiere.fr/wp-content/uploads/2023/03/les-porcs-du-butiloire-saint-clement-de-la-place-300x236.jpg 300w, http://lesjardinsdelaroussiere.fr/wp-content/uploads/2023/03/les-porcs-du-butiloire-saint-clement-de-la-place-381x300.jpg 381w, http://lesjardinsdelaroussiere.fr/wp-content/uploads/2023/03/les-porcs-du-butiloire-saint-clement-de-la-place.jpg 678w" sizes="(max-width: 300px) 100vw, 300px" /></a>Découvrir le contrat <strong>porc</strong> : <a href="http://lesjardinsdelaroussiere.fr/wp-content/uploads/2026/03/Contrat-Porc-2026-definitif.pdf" target="_blank" rel="noopener">produits, tarifs et dates de livraison</a></p>
<p>Contacter la personne référente des contrats porc et charcuterie : Daniel CAHAREL  <a href="mailto:dcaharel@yahoo" target="_blank" rel="noopener">dcaharel@yahoo</a></p>
<p>&nbsp;</p>
<p>Découvrir le contrat <strong>agneau</strong> : <a href="http://lesjardinsdelaroussiere.fr/wp-content/uploads/2026/03/Contrat-agneau-2026-pdf.pdf" target="_blank" rel="noopener">produits, tarifs et dates de livraison</a></p>
<p>Contacter la personne référente du contrat agneau : Daniel CAHAREL  <a href="mailto:dcaharel@yahoo" target="_blank" rel="noopener">dcaharel@yahoo</a></p>

<p>Aurélie MARSAIS est installée à la ferme du grand bitoir à St Clément de la Place. Découvrir le contrat porc : produits, tarifs et dates de livraison Contacter la personne référente des contrats porc et charcuterie : Daniel CAHAREL  dcaharel@yahoo &nbsp; &hellip; <a href="https://www.lesjardinsdelaroussiere.fr/?page_id=8903">Continuer la lecture <span class="meta-nav">&rarr;</span></a></p>
