{"id":571,"date":"2011-11-06T01:09:06","date_gmt":"2011-11-06T00:09:06","guid":{"rendered":"http:\/\/lesjardinsdelaroussiere.fr\/?page_id=571"},"modified":"2025-10-04T16:53:53","modified_gmt":"2025-10-04T14:53:53","slug":"les-legumes","status":"publish","type":"page","link":"https:\/\/www.lesjardinsdelaroussiere.fr\/?page_id=571","title":{"rendered":"Les l\u00e9gumes"},"content":{"rendered":"<p align=\"center\">Les l\u00e9gumes de l&rsquo;AMAP de Montreuil-Juign\u00e9 sont cultiv\u00e9s \u00e0 Grez-Neuville, chez Thomas et Marion, \u00e0 la ferme <a href=\"https:\/\/www.facebook.com\/p\/la-Prairie-Grez-Neuville-100071289751824\/\" target=\"_blank\" rel=\"noopener\">La Prairie<\/a> !<\/p>\n<p style=\"text-align: center;\"><strong><a href=\"http:\/\/lesjardinsdelaroussiere.fr\/wp-content\/uploads\/2023\/05\/IMG_4859.jpg\"><img decoding=\"async\" loading=\"lazy\" class=\"aligncenter size-medium wp-image-9025\" src=\"http:\/\/lesjardinsdelaroussiere.fr\/wp-content\/uploads\/2023\/05\/IMG_4859-225x300.jpg\" alt=\"\" width=\"225\" height=\"300\" srcset=\"http:\/\/lesjardinsdelaroussiere.fr\/wp-content\/uploads\/2023\/05\/IMG_4859-225x300.jpg 225w, http:\/\/lesjardinsdelaroussiere.fr\/wp-content\/uploads\/2023\/05\/IMG_4859-768x1024.jpg 768w, http:\/\/lesjardinsdelaroussiere.fr\/wp-content\/uploads\/2023\/05\/IMG_4859-1152x1536.jpg 1152w, http:\/\/lesjardinsdelaroussiere.fr\/wp-content\/uploads\/2023\/05\/IMG_4859.jpg 1512w\" sizes=\"(max-width: 225px) 100vw, 225px\" \/><\/a>Thomas et Marion CHESNEAU<br \/>\n<\/strong><\/p>\n<p>Le contrat l\u00e9gumes de l&rsquo;Amap de Montreuil-Juign\u00e9 propose 2 types de paniers :<\/p>\n<p>\u2022\u00a0\u00a0\u00a0\u00a0\u00a0\u00a0\u00a0\u00a0\u00a0 Un \u00ab\u00a0grand panier\u00a0\u00bb d&rsquo;une valeur de 19 euros par semaine (id\u00e9al pour 3 \u00e0 4 personnes, selon votre consommation de l\u00e9gumes)<br \/>\n\u2022\u00a0\u00a0\u00a0\u00a0\u00a0\u00a0\u00a0\u00a0\u00a0 Un \u00ab\u00a0petit panier\u00a0\u00bb d\u2019une valeur de 12 euros (id\u00e9al pour 1 \u00e0 2 personnes, selon votre consommation de l\u00e9gumes).<\/p>\n<p style=\"text-align: justify;\">Le contenu des paniers varie chaque semaine, en fonction de la production et de la saison.<\/p>\n<p style=\"text-align: justify;\">Le contrat l\u00e9gumes est propos\u00e9 pour une dur\u00e9e de 6 mois. La signature des contrats se fait en octobre et en mai.<\/p>\n<p>Le contrat, c&rsquo;est par ici : <a href=\"https:\/\/www.lesjardinsdelaroussiere.fr\/?page_id=151\" target=\"_blank\" rel=\"noopener\">Produits, tarifs et dates de livraison<\/a><\/p>\n<p><a href=\"http:\/\/www.lesjardinsdelaroussiere.fr\/?page_id=147\" target=\"_blank\" rel=\"noopener\">Contactez l&rsquo;AMAP pour souscrire un contrat l\u00e9gumes !<\/a><\/p>\n<p>Thomas et Marion\u00a0 : des maraichers passionnants, passionn\u00e9s, voyez plut\u00f4t\u00a0 !<\/p>\n<p><iframe loading=\"lazy\" src=\"\/\/www.youtube.com\/embed\/yt-2FFNP9D8?si=7Tb9-U3jiBS3oMfM\" width=\"560\" height=\"314\" allowfullscreen=\"allowfullscreen\"><\/iframe><\/p>\n<p>&nbsp;<\/p>\n","protected":false},"excerpt":{"rendered":"<p>Les l\u00e9gumes de l&rsquo;AMAP de Montreuil-Juign\u00e9 sont cultiv\u00e9s \u00e0 Grez-Neuville, chez Thomas et Marion, \u00e0 la ferme La Prairie ! Thomas et Marion CHESNEAU Le contrat l\u00e9gumes de l&rsquo;Amap de Montreuil-Juign\u00e9 propose 2 types de paniers : \u2022\u00a0\u00a0\u00a0\u00a0\u00a0\u00a0\u00a0\u00a0\u00a0 Un \u00ab\u00a0grand &hellip; <a href=\"https:\/\/www.lesjardinsdelaroussiere.fr\/?page_id=571\">Continuer la lecture <span class=\"meta-nav\">&rarr;<\/span><\/a><\/p>\n","protected":false},"author":1,"featured_media":0,"parent":145,"menu_order":1,"comment_status":"closed","ping_status":"closed","template":"","meta":[],"_links":{"self":[{"href":"https:\/\/www.lesjardinsdelaroussiere.fr\/index.php?rest_route=\/wp\/v2\/pages\/571"}],"collection":[{"href":"https:\/\/www.lesjardinsdelaroussiere.fr\/index.php?rest_route=\/wp\/v2\/pages"}],"about":[{"href":"https:\/\/www.lesjardinsdelaroussiere.fr\/index.php?rest_route=\/wp\/v2\/types\/page"}],"author":[{"embeddable":true,"href":"https:\/\/www.lesjardinsdelaroussiere.fr\/index.php?rest_route=\/wp\/v2\/users\/1"}],"replies":[{"embeddable":true,"href":"https:\/\/www.lesjardinsdelaroussiere.fr\/index.php?rest_route=%2Fwp%2Fv2%2Fcomments&post=571"}],"version-history":[{"count":41,"href":"https:\/\/www.lesjardinsdelaroussiere.fr\/index.php?rest_route=\/wp\/v2\/pages\/571\/revisions"}],"predecessor-version":[{"id":9462,"href":"https:\/\/www.lesjardinsdelaroussiere.fr\/index.php?rest_route=\/wp\/v2\/pages\/571\/revisions\/9462"}],"up":[{"embeddable":true,"href":"https:\/\/www.lesjardinsdelaroussiere.fr\/index.php?rest_route=\/wp\/v2\/pages\/145"}],"wp:attachment":[{"href":"https:\/\/www.lesjardinsdelaroussiere.fr\/index.php?rest_route=%2Fwp%2Fv2%2Fmedia&parent=571"}],"curies":[{"name":"wp","href":"https:\/\/api.w.org\/{rel}","templated":true}]}}

Les légumes

<p align="center">Les légumes de l&rsquo;AMAP de Montreuil-Juigné sont cultivés à Grez-Neuville, chez Thomas et Marion, à la ferme <a href="https://www.facebook.com/p/la-Prairie-Grez-Neuville-100071289751824/" target="_blank" rel="noopener">La Prairie</a> !</p>
<p style="text-align: center;"><strong><a href="http://lesjardinsdelaroussiere.fr/wp-content/uploads/2023/05/IMG_4859.jpg"><img decoding="async" loading="lazy" class="aligncenter size-medium wp-image-9025" src="http://lesjardinsdelaroussiere.fr/wp-content/uploads/2023/05/IMG_4859-225x300.jpg" alt="" width="225" height="300" srcset="http://lesjardinsdelaroussiere.fr/wp-content/uploads/2023/05/IMG_4859-225x300.jpg 225w, http://lesjardinsdelaroussiere.fr/wp-content/uploads/2023/05/IMG_4859-768x1024.jpg 768w, http://lesjardinsdelaroussiere.fr/wp-content/uploads/2023/05/IMG_4859-1152x1536.jpg 1152w, http://lesjardinsdelaroussiere.fr/wp-content/uploads/2023/05/IMG_4859.jpg 1512w" sizes="(max-width: 225px) 100vw, 225px" /></a>Thomas et Marion CHESNEAU<br />
</strong></p>
<p>Le contrat légumes de l&rsquo;Amap de Montreuil-Juigné propose 2 types de paniers :</p>
<p>•          Un « grand panier » d&rsquo;une valeur de 19 euros par semaine (idéal pour 3 à 4 personnes, selon votre consommation de légumes)<br />
•          Un « petit panier » d’une valeur de 12 euros (idéal pour 1 à 2 personnes, selon votre consommation de légumes).</p>
<p style="text-align: justify;">Le contenu des paniers varie chaque semaine, en fonction de la production et de la saison.</p>
<p style="text-align: justify;">Le contrat légumes est proposé pour une durée de 6 mois. La signature des contrats se fait en octobre et en mai.</p>
<p>Le contrat, c&rsquo;est par ici : <a href="https://www.lesjardinsdelaroussiere.fr/?page_id=151" target="_blank" rel="noopener">Produits, tarifs et dates de livraison</a></p>
<p><a href="http://www.lesjardinsdelaroussiere.fr/?page_id=147" target="_blank" rel="noopener">Contactez l&rsquo;AMAP pour souscrire un contrat légumes !</a></p>
<p>Thomas et Marion  : des maraichers passionnants, passionnés, voyez plutôt  !</p>
<p><iframe loading="lazy" src="//www.youtube.com/embed/yt-2FFNP9D8?si=7Tb9-U3jiBS3oMfM" width="560" height="314" allowfullscreen="allowfullscreen"></iframe></p>
<p>&nbsp;</p>

<p>Les légumes de l&rsquo;AMAP de Montreuil-Juigné sont cultivés à Grez-Neuville, chez Thomas et Marion, à la ferme La Prairie ! Thomas et Marion CHESNEAU Le contrat légumes de l&rsquo;Amap de Montreuil-Juigné propose 2 types de paniers : •          Un « grand &hellip; <a href="https://www.lesjardinsdelaroussiere.fr/?page_id=571">Continuer la lecture <span class="meta-nav">&rarr;</span></a></p>
