{"id":505,"date":"2011-11-05T18:59:14","date_gmt":"2011-11-05T17:59:14","guid":{"rendered":"http:\/\/lesjardinsdelaroussiere.fr\/?page_id=505"},"modified":"2011-11-06T01:05:16","modified_gmt":"2011-11-06T00:05:16","slug":"potimarron","status":"publish","type":"page","link":"https:\/\/www.lesjardinsdelaroussiere.fr\/?page_id=505","title":{"rendered":"Potimarron"},"content":{"rendered":"<p><a href=\"http:\/\/lesjardinsdelaroussiere.fr\/wp-content\/uploads\/2011\/09\/Potimarron.jpg\"><img decoding=\"async\" loading=\"lazy\" class=\"alignleft size-full wp-image-436\" title=\"Potimarron\" src=\"http:\/\/lesjardinsdelaroussiere.fr\/wp-content\/uploads\/2011\/09\/Potimarron.jpg\" alt=\"Potimarron\" width=\"150\" height=\"113\" \/><\/a><\/p>\n<p><em>Le <strong>potimarron<\/strong> est une vari\u00e9t\u00e9 de courge voisine du potiron.<\/em><br \/><em>Sa forme et son go\u00fbt lui ont valu le surnom de courge ch\u00e2taigne. <\/em><br \/><em>Autres appellations\u00a0: Potiron doux d&rsquo;Hokkaido et Courge de Chine.<\/em><\/p>\n<p style=\"text-align: justify;\"><em>De la famille des Cucurbitac\u00e9es, c&rsquo;est une vari\u00e9t\u00e9 de l&rsquo;esp\u00e8ce Cucurbita maxima. <\/em><br \/><em>Son fruit a une forme de poire (piriforme) ou de toupie.<\/em><br \/><em>Sa couleur est rouge \u00e0 rouge brique ou m\u00eame rose, bronze ou vert par mutation.<\/em><br \/><em>Sa chair est jaune et farineuse, et il a la saveur de la pur\u00e9e de ch\u00e2taignes.<\/em><br \/><em>C&rsquo;est une vari\u00e9t\u00e9 rampante et ses tiges peuvent mesurer jusqu&rsquo;\u00e0 trois m\u00e8tres de long et portent de nombreux fruits pesant entre deux et trois kilogrammes.<\/em><\/p>\n<p><em>Le potimarron est tr\u00e8s riche en vitamines A, B, C, D, E, en oligo-\u00e9l\u00e9ments (phosphore, calcium, magn\u00e9sium, fer, potassium, silicium, sodium&#8230;), en acides amin\u00e9s, en acides gras insatur\u00e9s, en amidon, en sucres naturels et en carot\u00e8ne.<\/em><\/p>\n<p><em>Plus le fruit est conserv\u00e9 dans une cave s\u00e8che, plus ses teneurs en vitamines et en sucre augmentent.<\/em><\/p>\n<p><em>Comme les potirons, les potimarrons peuvent \u00eatre consomm\u00e9s en potage, au four avec de l&rsquo;ail, frits ou en tourte. \u00c0 la diff\u00e9rence du potiron, il n&rsquo;est pas n\u00e9cessaire de retirer la peau du potimarron avant la cuisson.<\/em><\/p>\n<hr \/>\n<p><a href=\"http:\/\/lesjardinsdelaroussiere.fr\/wp-content\/uploads\/2011\/09\/01012011_Cake_potimarron.jpg\"><img decoding=\"async\" loading=\"lazy\" class=\"alignleft size-full wp-image-437\" title=\"Cake au potimarron\" src=\"http:\/\/lesjardinsdelaroussiere.fr\/wp-content\/uploads\/2011\/09\/01012011_Cake_potimarron.jpg\" alt=\"Cake au potimarron\" width=\"150\" height=\"150\" \/><\/a><\/p>\n<p><strong>CAKE AU POTIMARRON<\/strong> <br \/>Pour changer de la soupe de potimarron.<br \/>Ingr\u00e9dients :<\/p>\n<p style=\"padding-left: 210px;\"><em>&#8211; 600 g de potimarron<\/em><br \/><em>&#8211; 100 g de farine<\/em><br \/><em>&#8211; 100 g de gruy\u00e8re r\u00e2p\u00e9<\/em><br \/><em>&#8211; 10 olives noires<\/em><br \/><em>&#8211; 100 g de beurre<br \/><\/em><em>&#8211;\u00a0\u00a0 \u00a0 3 \u0153ufs<br \/><\/em><em>&#8211;\u00a01\/10 de litre de lait<br \/><\/em><em>&#8211;\u00a0100 g de champignons de paris<br \/><\/em><em>&#8211;\u00a0\u00a0 \u00a02 cuill\u00e8res \u00e0 soupe de yaourt v\u00e9g\u00e9tal<br \/><\/em><em>&#8211; \u00a030 g de pignons de pin<br \/><\/em><em>&#8211; \u00a0sel, poivre, muscade et persil hach\u00e9.<\/em><\/p>\n<p><strong>Pr\u00e9paration :<\/strong><br \/>&#8211; Faire cuire le potimarron \u00e0 la vapeur 15 \u00e0 20 min. Mixer en ajoutant le lait.<br \/>&#8211; Faire suer les champignons \u00e9minc\u00e9s dans une po\u00eale<br \/>&#8211; Battre les \u0153ufs avec le beurre fondu<br \/>&#8211; Couper les olives d\u00e9noyaut\u00e9es<br \/>&#8211; M\u00e9langer le tout en ajoutant la cr\u00e8me et le gruy\u00e8re. Assaisonner. Saupoudrer de pignons de pin<br \/>&#8211; Faire cuire dans un moule \u00e0 cake environ 45 min<br \/>&#8211; Servir chaud ou froid.<\/p>\n<p><em><a title=\"Cake au potimarron\" href=\"http:\/\/lesjardinsdelaroussiere.fr\/wp-content\/uploads\/2011\/11\/Cake_au_potimarron.pdf\" target=\"_blank\">La recette \u00e0 t\u00e9l\u00e9charger pour imprimer<\/a><\/em>.<\/p>\n<p>&nbsp;<\/p>\n","protected":false},"excerpt":{"rendered":"<p>Le potimarron est une vari\u00e9t\u00e9 de courge voisine du potiron.Sa forme et son go\u00fbt lui ont valu le surnom de courge ch\u00e2taigne. Autres appellations\u00a0: Potiron doux d&rsquo;Hokkaido et Courge de Chine. De la famille des Cucurbitac\u00e9es, c&rsquo;est une vari\u00e9t\u00e9 de &hellip; <a href=\"https:\/\/www.lesjardinsdelaroussiere.fr\/?page_id=505\">Continuer la lecture <span class=\"meta-nav\">&rarr;<\/span><\/a><\/p>\n","protected":false},"author":1,"featured_media":0,"parent":149,"menu_order":0,"comment_status":"closed","ping_status":"closed","template":"","meta":[],"_links":{"self":[{"href":"https:\/\/www.lesjardinsdelaroussiere.fr\/index.php?rest_route=\/wp\/v2\/pages\/505"}],"collection":[{"href":"https:\/\/www.lesjardinsdelaroussiere.fr\/index.php?rest_route=\/wp\/v2\/pages"}],"about":[{"href":"https:\/\/www.lesjardinsdelaroussiere.fr\/index.php?rest_route=\/wp\/v2\/types\/page"}],"author":[{"embeddable":true,"href":"https:\/\/www.lesjardinsdelaroussiere.fr\/index.php?rest_route=\/wp\/v2\/users\/1"}],"replies":[{"embeddable":true,"href":"https:\/\/www.lesjardinsdelaroussiere.fr\/index.php?rest_route=%2Fwp%2Fv2%2Fcomments&post=505"}],"version-history":[{"count":10,"href":"https:\/\/www.lesjardinsdelaroussiere.fr\/index.php?rest_route=\/wp\/v2\/pages\/505\/revisions"}],"predecessor-version":[{"id":569,"href":"https:\/\/www.lesjardinsdelaroussiere.fr\/index.php?rest_route=\/wp\/v2\/pages\/505\/revisions\/569"}],"up":[{"embeddable":true,"href":"https:\/\/www.lesjardinsdelaroussiere.fr\/index.php?rest_route=\/wp\/v2\/pages\/149"}],"wp:attachment":[{"href":"https:\/\/www.lesjardinsdelaroussiere.fr\/index.php?rest_route=%2Fwp%2Fv2%2Fmedia&parent=505"}],"curies":[{"name":"wp","href":"https:\/\/api.w.org\/{rel}","templated":true}]}}