{"id":486,"date":"2011-11-05T18:21:01","date_gmt":"2011-11-05T17:21:01","guid":{"rendered":"http:\/\/lesjardinsdelaroussiere.fr\/?page_id=486"},"modified":"2011-11-06T01:04:44","modified_gmt":"2011-11-06T00:04:44","slug":"celeri","status":"publish","type":"page","link":"https:\/\/www.lesjardinsdelaroussiere.fr\/?page_id=486","title":{"rendered":"C\u00e9leri"},"content":{"rendered":"<p><a href=\"http:\/\/lesjardinsdelaroussiere.fr\/wp-content\/uploads\/2011\/09\/Celeri.jpg\"><img decoding=\"async\" loading=\"lazy\" class=\"alignleft size-full wp-image-431\" title=\"Celeri\" src=\"http:\/\/lesjardinsdelaroussiere.fr\/wp-content\/uploads\/2011\/09\/Celeri.jpg\" alt=\"Celeri\" width=\"150\" height=\"95\" \/><\/a><\/p>\n<p style=\"text-align: justify;\"><em><strong>Le c\u00e9leri<\/strong> (Apium graveolens L.) ou ache des marais, persil des marais&#8230; ou encore c\u00e8leri en nouvelle orthographe, est une plante herbac\u00e9e bisannuelle de la famille des Apiac\u00e9es, cultiv\u00e9e comme plante potag\u00e8re pour ses feuilles et sa racine tub\u00e9ris\u00e9e consomm\u00e9es comme l\u00e9gumes.<\/em><\/p>\n<p style=\"text-align: justify;\"><em>\u00c0 l&rsquo;\u00e9tat sauvage, il pousse au bord des ruisseaux et dans les endroits humides.<\/em><\/p>\n<p style=\"text-align: justify;\"><em>Le c\u00e9leri (rave et feuille) est utilis\u00e9 en cuisine \u00e0 la fois comme condiment et comme l\u00e9gume. Il est allerg\u00e8ne pour certaines personnes.<\/em><\/p>\n<p style=\"text-align: justify;\"><em>Le c\u00e9leri est tr\u00e8s peu calorique (entre 10 et 20 calories pour 100 grammes). <br \/>Selon certains auteurs, sa digestion consomme plus de calories que l&rsquo;aliment n&rsquo;en apporte.<\/em><\/p>\n<p style=\"text-align: justify;\"><em>Ses feuilles tendres, finement cisel\u00e9es, peuvent servir \u00e0 relever diverses pr\u00e9parations, notamment soupes et sauces. <br \/>Leur go\u00fbt, plus fort que celui du persil, rappelle la liv\u00e8che.<\/em><\/p>\n<p style=\"text-align: justify;\"><em>Les c\u00f4tes du c\u00e9leri-branche se consomment cuites le plus souvent saut\u00e9es \u00e0 la sauce blanche ou \u00e0 la cr\u00e8me ou bien en gratin (l\u00e9gume similaire aux c\u00f4tes de blettes). <br \/>Elles peuvent \u00e9galement se consommer crues, coup\u00e9es finement, dans des salades.<\/em><\/p>\n<p style=\"text-align: justify;\"><em>La racine du c\u00e9leri-rave, \u00e0 saveur un peu piquante, se consomme crue, r\u00e2p\u00e9e en r\u00e9moulade, ou cuite, par exemple en gratin, en soupe, en pur\u00e9e ou saut\u00e9e.<\/em><\/p>\n<p style=\"text-align: justify;\"><em>Les graines sont utilis\u00e9es pour parfumer le poisson et le chou-fleur, et peuvent, infus\u00e9es dans de l&rsquo;eau de vie, donner une liqueur.<\/em><\/p>\n<p style=\"text-align: justify;\"><em>Le sel additionn\u00e9 d&rsquo;extrait des fruits ou de graines de c\u00e9leri, s\u00e9ch\u00e9es et broy\u00e9es, est un condiment connu sous le nom de \u00ab sel de c\u00e9leri \u00bb. <br \/>Cet assaisonnement peut remplacer le sel de table, parfumer les l\u00e9gumes frais, les soupes et surtout le jus de tomate ainsi que de nombreux cocktails.<\/em><\/p>\n<p>&nbsp;<\/p>\n<hr \/>\n<p><a href=\"http:\/\/amap\/wordpress\/wp-content\/uploads\/2011\/09\/01012011_Souffle_de_celeri1.jpg\"><img decoding=\"async\" loading=\"lazy\" class=\"alignleft size-full wp-image-205\" title=\"Souffl\u00e9 de celeri\" src=\"http:\/\/amap\/wordpress\/wp-content\/uploads\/2011\/09\/01012011_Souffle_de_celeri1.jpg\" alt=\"Souffl\u00e9 de celeri\" width=\"105\" height=\"105\" \/><\/a><\/p>\n<p style=\"text-align: left;\">SOUFFLE DE CELERI<br \/>Moins gonfl\u00e9 mais plus parfum\u00e9 qu\u2019un souffl\u00e9 au fromage.<br \/>Ingr\u00e9dients pour 6 personnes :<\/p>\n<p><em>&#8211; 1\/2 c\u00e9leri<\/em><br \/><em>&#8211; 50g de cantal<\/em><br \/><em>&#8211; 3 oeufs<\/em><br \/><em>&#8211; 50g de beurre<br \/><\/em><em>&#8211; 2 c. \u00e0 soupe de farine<br \/><\/em><em>&#8211;\u00a025 cl de lait<\/em><em>\u00a0<\/em><\/p>\n<p><strong>Pr\u00e9paration :<\/strong><br \/>&#8211; Eplucher le c\u00e9leri, le couper en morceaux, le faire cuire 15 min \u00e0 la vapeur et le r\u00e9duire ensuite en pur\u00e9e<br \/>&#8211; Pr\u00e9chaufer le four \u00e0 200\u00b0C (th 6-7)<br \/>&#8211; Faire fondre le beurre dans une grande casserole. Ajouter la farine et laisser cuire une minute en remuant avec une cuill\u00e8re en bois<br \/>&#8211; Verser petit \u00e0 petit\u00a0jusqu\u2019\u00e0 obtention d\u2019une b\u00e9chamel, puis laisser refroidir<br \/>&#8211; S\u00e9parer les jaunes d\u2019oeufs des blancs. Ajouter les jaune, la pur\u00e9e de c\u00e9leri, le sel, le poivre \u00e0 la b\u00e9chamel<br \/>&#8211; Monter les blancs en neige et les incorporer d\u00e9licatement \u00e0 l\u2019appareil<br \/>&#8211; Beurrer un moule \u00e0 souffl\u00e9 et y verser le m\u00e9lange. Laisser cuire 30 min environ sans ouvrir le four<br \/>&#8211; Servir avec une salade verte.<\/p>\n<p><em><a title=\"Recette de souffle au celeri.\" href=\"http:\/\/amap\/wordpress\/wp-content\/uploads\/2011\/09\/Souffle_de_celeri.pdf\" target=\"_blank\">La recette \u00e0 t\u00e9l\u00e9charger pour imprimer<\/a><\/em>.<\/p>\n","protected":false},"excerpt":{"rendered":"<p>Le c\u00e9leri (Apium graveolens L.) ou ache des marais, persil des marais&#8230; ou encore c\u00e8leri en nouvelle orthographe, est une plante herbac\u00e9e bisannuelle de la famille des Apiac\u00e9es, cultiv\u00e9e comme plante potag\u00e8re pour ses feuilles et sa racine tub\u00e9ris\u00e9e consomm\u00e9es &hellip; <a href=\"https:\/\/www.lesjardinsdelaroussiere.fr\/?page_id=486\">Continuer la lecture <span class=\"meta-nav\">&rarr;<\/span><\/a><\/p>\n","protected":false},"author":1,"featured_media":0,"parent":149,"menu_order":0,"comment_status":"closed","ping_status":"closed","template":"","meta":[],"_links":{"self":[{"href":"https:\/\/www.lesjardinsdelaroussiere.fr\/index.php?rest_route=\/wp\/v2\/pages\/486"}],"collection":[{"href":"https:\/\/www.lesjardinsdelaroussiere.fr\/index.php?rest_route=\/wp\/v2\/pages"}],"about":[{"href":"https:\/\/www.lesjardinsdelaroussiere.fr\/index.php?rest_route=\/wp\/v2\/types\/page"}],"author":[{"embeddable":true,"href":"https:\/\/www.lesjardinsdelaroussiere.fr\/index.php?rest_route=\/wp\/v2\/users\/1"}],"replies":[{"embeddable":true,"href":"https:\/\/www.lesjardinsdelaroussiere.fr\/index.php?rest_route=%2Fwp%2Fv2%2Fcomments&post=486"}],"version-history":[{"count":16,"href":"https:\/\/www.lesjardinsdelaroussiere.fr\/index.php?rest_route=\/wp\/v2\/pages\/486\/revisions"}],"predecessor-version":[{"id":564,"href":"https:\/\/www.lesjardinsdelaroussiere.fr\/index.php?rest_route=\/wp\/v2\/pages\/486\/revisions\/564"}],"up":[{"embeddable":true,"href":"https:\/\/www.lesjardinsdelaroussiere.fr\/index.php?rest_route=\/wp\/v2\/pages\/149"}],"wp:attachment":[{"href":"https:\/\/www.lesjardinsdelaroussiere.fr\/index.php?rest_route=%2Fwp%2Fv2%2Fmedia&parent=486"}],"curies":[{"name":"wp","href":"https:\/\/api.w.org\/{rel}","templated":true}]}}

Céleri

<p><a href="http://lesjardinsdelaroussiere.fr/wp-content/uploads/2011/09/Celeri.jpg"><img decoding="async" loading="lazy" class="alignleft size-full wp-image-431" title="Celeri" src="http://lesjardinsdelaroussiere.fr/wp-content/uploads/2011/09/Celeri.jpg" alt="Celeri" width="150" height="95" /></a></p>
<p style="text-align: justify;"><em><strong>Le céleri</strong> (Apium graveolens L.) ou ache des marais, persil des marais&#8230; ou encore cèleri en nouvelle orthographe, est une plante herbacée bisannuelle de la famille des Apiacées, cultivée comme plante potagère pour ses feuilles et sa racine tubérisée consommées comme légumes.</em></p>
<p style="text-align: justify;"><em>À l&rsquo;état sauvage, il pousse au bord des ruisseaux et dans les endroits humides.</em></p>
<p style="text-align: justify;"><em>Le céleri (rave et feuille) est utilisé en cuisine à la fois comme condiment et comme légume. Il est allergène pour certaines personnes.</em></p>
<p style="text-align: justify;"><em>Le céleri est très peu calorique (entre 10 et 20 calories pour 100 grammes). <br />Selon certains auteurs, sa digestion consomme plus de calories que l&rsquo;aliment n&rsquo;en apporte.</em></p>
<p style="text-align: justify;"><em>Ses feuilles tendres, finement ciselées, peuvent servir à relever diverses préparations, notamment soupes et sauces. <br />Leur goût, plus fort que celui du persil, rappelle la livèche.</em></p>
<p style="text-align: justify;"><em>Les côtes du céleri-branche se consomment cuites le plus souvent sautées à la sauce blanche ou à la crème ou bien en gratin (légume similaire aux côtes de blettes). <br />Elles peuvent également se consommer crues, coupées finement, dans des salades.</em></p>
<p style="text-align: justify;"><em>La racine du céleri-rave, à saveur un peu piquante, se consomme crue, râpée en rémoulade, ou cuite, par exemple en gratin, en soupe, en purée ou sautée.</em></p>
<p style="text-align: justify;"><em>Les graines sont utilisées pour parfumer le poisson et le chou-fleur, et peuvent, infusées dans de l&rsquo;eau de vie, donner une liqueur.</em></p>
<p style="text-align: justify;"><em>Le sel additionné d&rsquo;extrait des fruits ou de graines de céleri, séchées et broyées, est un condiment connu sous le nom de « sel de céleri ». <br />Cet assaisonnement peut remplacer le sel de table, parfumer les légumes frais, les soupes et surtout le jus de tomate ainsi que de nombreux cocktails.</em></p>
<p>&nbsp;</p>
<hr />
<p><a href="http://amap/wordpress/wp-content/uploads/2011/09/01012011_Souffle_de_celeri1.jpg"><img decoding="async" loading="lazy" class="alignleft size-full wp-image-205" title="Soufflé de celeri" src="http://amap/wordpress/wp-content/uploads/2011/09/01012011_Souffle_de_celeri1.jpg" alt="Soufflé de celeri" width="105" height="105" /></a></p>
<p style="text-align: left;">SOUFFLE DE CELERI<br />Moins gonflé mais plus parfumé qu’un soufflé au fromage.<br />Ingrédients pour 6 personnes :</p>
<p><em>&#8211; 1/2 céleri</em><br /><em>&#8211; 50g de cantal</em><br /><em>&#8211; 3 oeufs</em><br /><em>&#8211; 50g de beurre<br /></em><em>&#8211; 2 c. à soupe de farine<br /></em><em>&#8211; 25 cl de lait</em><em> </em></p>
<p><strong>Préparation :</strong><br />&#8211; Eplucher le céleri, le couper en morceaux, le faire cuire 15 min à la vapeur et le réduire ensuite en purée<br />&#8211; Préchaufer le four à 200°C (th 6-7)<br />&#8211; Faire fondre le beurre dans une grande casserole. Ajouter la farine et laisser cuire une minute en remuant avec une cuillère en bois<br />&#8211; Verser petit à petit jusqu’à obtention d’une béchamel, puis laisser refroidir<br />&#8211; Séparer les jaunes d’oeufs des blancs. Ajouter les jaune, la purée de céleri, le sel, le poivre à la béchamel<br />&#8211; Monter les blancs en neige et les incorporer délicatement à l’appareil<br />&#8211; Beurrer un moule à soufflé et y verser le mélange. Laisser cuire 30 min environ sans ouvrir le four<br />&#8211; Servir avec une salade verte.</p>
<p><em><a title="Recette de souffle au celeri." href="http://amap/wordpress/wp-content/uploads/2011/09/Souffle_de_celeri.pdf" target="_blank">La recette à télécharger pour imprimer</a></em>.</p>

<p>Le céleri (Apium graveolens L.) ou ache des marais, persil des marais&#8230; ou encore cèleri en nouvelle orthographe, est une plante herbacée bisannuelle de la famille des Apiacées, cultivée comme plante potagère pour ses feuilles et sa racine tubérisée consommées &hellip; <a href="https://www.lesjardinsdelaroussiere.fr/?page_id=486">Continuer la lecture <span class="meta-nav">&rarr;</span></a></p>
