{"id":151,"date":"2011-09-24T12:36:01","date_gmt":"2011-09-24T10:36:01","guid":{"rendered":"http:\/\/localhost\/wordpress\/?page_id=151"},"modified":"2026-03-28T12:35:13","modified_gmt":"2026-03-28T11:35:13","slug":"documents-a-telecharger","status":"publish","type":"page","link":"https:\/\/www.lesjardinsdelaroussiere.fr\/?page_id=151","title":{"rendered":"Contrats"},"content":{"rendered":"<p>&nbsp;<\/p>\n<h6><span style=\"color: #000000;\"><strong><span style=\"font-size: large;\">Bulletin d&rsquo;adh\u00e9sion AMAP :<\/span><\/strong><\/span><\/h6>\n<ul style=\"list-style-type: square;\">\n<li>t\u00e9l\u00e9charger et remplir le <a href=\"http:\/\/lesjardinsdelaroussiere.fr\/wp-content\/uploads\/2026\/02\/bulletin-adhesion-2026.pdf\" target=\"_blank\" rel=\"attachment noopener wp-att-8920\">bulletin adh\u00e9sion 2026<\/a><\/li>\n<li>envoyer un mail : <a href=\"mailto:lesjardinsdelaroussiere@laposte.net\" target=\"_blank\" rel=\"noopener\">lesjardinsdelaroussiere@laposte.net<\/a><\/li>\n<\/ul>\n<h6><span style=\"color: #000000;\"><strong><span style=\"font-size: large;\">1. LEGUMES &#8211; <em>Thomas CHESNEAU<\/em> <em>:<\/em><\/span><\/strong><\/span><\/h6>\n<ul>\n<li><a href=\"http:\/\/lesjardinsdelaroussiere.fr\/wp-content\/uploads\/2025\/10\/CONTRAT-nov-25-avril-26.pdf\" target=\"_blank\" rel=\"noopener\">Contrat l\u00e9gumes novembre 2025 \u00e0 avril 2026<\/a><\/li>\n<li>Plus d&rsquo;infos sur ce contrat : envoyer un mail \u00e0 <a href=\"mailto:lesjardinsdelaroussiere@laposte.net\" target=\"_blank\" rel=\"noopener\">lesjardinsdelaroussiere@laposte.net<\/a><\/li>\n<\/ul>\n<h6><span style=\"color: #000000;\"><strong><span style=\"font-size: large;\">2. PAIN et P\u00c2TES &#8211; <em>Franck PERRAULT<\/em> :<\/span><\/strong><\/span><\/h6>\n<ul>\n<li><a href=\"http:\/\/lesjardinsdelaroussiere.fr\/wp-content\/uploads\/2025\/11\/Contrat-Pain-nov2025-avril2026.pdf\" target=\"_blank\" rel=\"noopener\">Contrat pain novembre 2025 \u00e0 avril 2026<\/a><\/li>\n<li><a href=\"http:\/\/lesjardinsdelaroussiere.fr\/wp-content\/uploads\/2025\/11\/Contrat-Pates-nov2025-avril2026.pdf\" target=\"_blank\" rel=\"noopener noreferrer\">Contrat p\u00e2tes novembre 2025 \u00e0 avril 2026<\/a><\/li>\n<\/ul>\n<h6><span style=\"color: #000000;\"><strong><span style=\"font-size: large;\">3. GRAINES et FARINES &#8211; <em>Grains des Loges, Fran\u00e7ois BOISSINOT<\/em><\/span><\/strong><\/span><span style=\"color: #000000;\"><strong><span style=\"font-size: large;\"> :<\/span><\/strong><\/span><\/h6>\n<ul>\n<li><a href=\"http:\/\/lesjardinsdelaroussiere.fr\/wp-content\/uploads\/2025\/11\/Contrat-Graines-et-Farines-AMAP-M-J-2026-v4-1.pdf\" target=\"_blank\" rel=\"noopener\">Contrat graines et farines 2026<\/a><\/li>\n<\/ul>\n<h6><strong>4. CHAMPIGNONS &#8211; <em>La Ferme de C\u00e9dric, <\/em><\/strong><em><strong>Fabien PERRAULT :<\/strong><\/em><\/h6>\n<ul>\n<li><a href=\"http:\/\/lesjardinsdelaroussiere.fr\/wp-content\/uploads\/2025\/11\/Contrat-CHAMPIGNONS-2025-2026-v2.pdf\" target=\"_blank\" rel=\"noopener\">Contrat champignons septembre 2025 &#8211; mai 2026<\/a><\/li>\n<\/ul>\n<h6><span style=\"color: #000000;\"><strong><span style=\"font-size: large;\">5. FRUITS-OEUFS &#8211; <em>La Ronde des Fruits, Quentin OGER <\/em>:<\/span><\/strong><\/span><\/h6>\n<ul>\n<li><a href=\"http:\/\/lesjardinsdelaroussiere.fr\/wp-content\/uploads\/2026\/02\/Contrat-Oeufs-2026.pdf\" target=\"_blank\" rel=\"noopener\">Contrat \u0153ufs 2026<\/a><\/li>\n<li><a href=\"http:\/\/lesjardinsdelaroussiere.fr\/wp-content\/uploads\/2026\/02\/Contrat-Fruits-transformes-Mars-a-decembre-2026.pdf\" target=\"_blank\" rel=\"noopener\">Contrat fruits transform\u00e9s mars \u00e0 d\u00e9cembre 2026<\/a><\/li>\n<li><a href=\"http:\/\/lesjardinsdelaroussiere.fr\/wp-content\/uploads\/2025\/05\/Contrat-Petits-fruits-juin-sept-2025.pdf\" target=\"_blank\" rel=\"noopener\">Contrat petits fruits frais juin \u00e0 septembre 2025<\/a><\/li>\n<\/ul>\n<h6><strong><span style=\"font-size: large;\">6. FRUITS CORSES &#8211; <em>Coop\u00e9rative ALIMERIA <\/em>:<\/span><\/strong><\/h6>\n<ul>\n<li><a href=\"http:\/\/lesjardinsdelaroussiere.fr\/wp-content\/uploads\/2025\/05\/FRUITS-CORSES-nov-2025-mai-2026.pdf\" target=\"_blank\" rel=\"noopener\">Contrat fruits corses nov 2025 &#8211; mai 2026<\/a><\/li>\n<li><a href=\"http:\/\/lesjardinsdelaroussiere.fr\/wp-content\/uploads\/2025\/05\/Contrat-cle\u0301mentines-Noe\u0308l-dec-2025.pdf\" target=\"_blank\" rel=\"noopener\">Contrat cl\u00e9mentines de No\u00ebl d\u00e9cembre 2025<\/a><\/li>\n<li><a href=\"http:\/\/lesjardinsdelaroussiere.fr\/wp-content\/uploads\/2025\/05\/CONTRAT-ORANGE-EXCEPTIONNEL-01-2026.pdf\" target=\"_blank\" rel=\"noopener\">Contrat exceptionnel oranges janvier 2026<\/a><\/li>\n<\/ul>\n<h6><strong><span style=\"font-size: large;\">7 . MIEL &#8211; M\u00e9li-Mielo, <em>Jacky BOUNAUDET<\/em> :<\/span><\/strong><\/h6>\n<ul>\n<li><a href=\"http:\/\/lesjardinsdelaroussiere.fr\/wp-content\/uploads\/2026\/02\/Contrat-Meli-Mielo-2026.pdf\" target=\"_blank\" rel=\"noopener\">Contrat miel 2026<\/a><\/li>\n<\/ul>\n<h6><strong><span style=\"font-size: large;\">8. PRODUITS LAITIERS &#8211; <em>J\u00e9r\u00f4me COCHARD<\/em> :<\/span><\/strong><a href=\"http:\/\/lesjardinsdelaroussiere.fr\/wp-content\/uploads\/2022\/04\/contrats-produits-laitiers-vache-2022.pdf\" target=\"_blank\" rel=\"noopener noreferrer\">\u00a0<\/a><\/h6>\n<ul>\n<li><a href=\"http:\/\/lesjardinsdelaroussiere.fr\/wp-content\/uploads\/2025\/11\/Contrat-Pdts-laitiers-vache-nov2025-avr2026.pdf\" target=\"_blank\" rel=\"noopener\">Contrat pdts laitiers vache novembre 2025 \u00e0 avril 2026<\/a><\/li>\n<\/ul>\n<h6><strong><span style=\"font-size: large;\">9. BOEUF &#8211; VEAU &#8211; PRODUITS LAITIERS BREBIS<br \/>\n<em>Isabelle et Philippe BRISSET<\/em> :<\/span><\/strong><\/h6>\n<ul>\n<li><a href=\"http:\/\/lesjardinsdelaroussiere.fr\/wp-content\/uploads\/2025\/10\/Contrat-Pdts-laitiers-brebis-oct2025-avr2026.pdf\" target=\"_blank\" rel=\"noopener\">Contrat pdts laitiers brebis octobre 2025 \u00e0 avril 2026<\/a><\/li>\n<li><a href=\"http:\/\/lesjardinsdelaroussiere.fr\/wp-content\/uploads\/2026\/02\/Contrat-Boeuf-Veau-Pdts-transformes-2026.pdf\" target=\"_blank\" rel=\"noopener\">Contrat boeuf veau pdts transform\u00e9s 2026<\/a><\/li>\n<\/ul>\n<h6><span style=\"color: #000000;\"><strong><span style=\"font-size: large;\">10. VOLAILLE\u00a0 &#8211; <em>Audrey GAUDIN<\/em>\u00a0:<\/span><\/strong><\/span><\/h6>\n<ul>\n<li><a href=\"http:\/\/lesjardinsdelaroussiere.fr\/wp-content\/uploads\/2025\/12\/Contrat-Volailles-2026.pdf\" target=\"_blank\" rel=\"noopener\">Contrat volailles 2026<\/a><\/li>\n<\/ul>\n<h6><span style=\"color: #000000;\"><strong><span style=\"font-size: large;\">11. PORC et AGNEAU &#8211; <em>Aur\u00e9lie MARSAIS<\/em> :<\/span><\/strong><\/span><\/h6>\n<ul>\n<li><a href=\"http:\/\/lesjardinsdelaroussiere.fr\/wp-content\/uploads\/2026\/03\/Contrat-Porc-2026-definitif.pdf\" target=\"_blank\" rel=\"noopener\">Contrat porc et charcuterie 2026<\/a><\/li>\n<li><a href=\"http:\/\/lesjardinsdelaroussiere.fr\/wp-content\/uploads\/2026\/03\/Contrat-agneau-2026-pdf.pdf\" target=\"_blank\" rel=\"noopener\">Contrat agneau 2026<\/a><\/li>\n<\/ul>\n<p>&nbsp;<\/p>\n","protected":false},"excerpt":{"rendered":"<p>&nbsp; Bulletin d&rsquo;adh\u00e9sion AMAP : t\u00e9l\u00e9charger et remplir le bulletin adh\u00e9sion 2026 envoyer un mail : lesjardinsdelaroussiere@laposte.net 1. LEGUMES &#8211; Thomas CHESNEAU : Contrat l\u00e9gumes novembre 2025 \u00e0 avril 2026 Plus d&rsquo;infos sur ce contrat : envoyer un mail \u00e0 &hellip; <a href=\"https:\/\/www.lesjardinsdelaroussiere.fr\/?page_id=151\">Continuer la lecture <span class=\"meta-nav\">&rarr;<\/span><\/a><\/p>\n","protected":false},"author":1,"featured_media":0,"parent":0,"menu_order":2,"comment_status":"closed","ping_status":"closed","template":"","meta":[],"_links":{"self":[{"href":"https:\/\/www.lesjardinsdelaroussiere.fr\/index.php?rest_route=\/wp\/v2\/pages\/151"}],"collection":[{"href":"https:\/\/www.lesjardinsdelaroussiere.fr\/index.php?rest_route=\/wp\/v2\/pages"}],"about":[{"href":"https:\/\/www.lesjardinsdelaroussiere.fr\/index.php?rest_route=\/wp\/v2\/types\/page"}],"author":[{"embeddable":true,"href":"https:\/\/www.lesjardinsdelaroussiere.fr\/index.php?rest_route=\/wp\/v2\/users\/1"}],"replies":[{"embeddable":true,"href":"https:\/\/www.lesjardinsdelaroussiere.fr\/index.php?rest_route=%2Fwp%2Fv2%2Fcomments&post=151"}],"version-history":[{"count":435,"href":"https:\/\/www.lesjardinsdelaroussiere.fr\/index.php?rest_route=\/wp\/v2\/pages\/151\/revisions"}],"predecessor-version":[{"id":9548,"href":"https:\/\/www.lesjardinsdelaroussiere.fr\/index.php?rest_route=\/wp\/v2\/pages\/151\/revisions\/9548"}],"wp:attachment":[{"href":"https:\/\/www.lesjardinsdelaroussiere.fr\/index.php?rest_route=%2Fwp%2Fv2%2Fmedia&parent=151"}],"curies":[{"name":"wp","href":"https:\/\/api.w.org\/{rel}","templated":true}]}}

<p>&nbsp;</p>
<h6><span style="color: #000000;"><strong><span style="font-size: large;">Bulletin d&rsquo;adhésion AMAP :</span></strong></span></h6>
<ul style="list-style-type: square;">
<li>télécharger et remplir le <a href="http://lesjardinsdelaroussiere.fr/wp-content/uploads/2026/02/bulletin-adhesion-2026.pdf" target="_blank" rel="attachment noopener wp-att-8920">bulletin adhésion 2026</a></li>
<li>envoyer un mail : <a href="mailto:lesjardinsdelaroussiere@laposte.net" target="_blank" rel="noopener">lesjardinsdelaroussiere@laposte.net</a></li>
</ul>
<h6><span style="color: #000000;"><strong><span style="font-size: large;">1. LEGUMES &#8211; <em>Thomas CHESNEAU</em> <em>:</em></span></strong></span></h6>
<ul>
<li><a href="http://lesjardinsdelaroussiere.fr/wp-content/uploads/2025/10/CONTRAT-nov-25-avril-26.pdf" target="_blank" rel="noopener">Contrat légumes novembre 2025 à avril 2026</a></li>
<li>Plus d&rsquo;infos sur ce contrat : envoyer un mail à <a href="mailto:lesjardinsdelaroussiere@laposte.net" target="_blank" rel="noopener">lesjardinsdelaroussiere@laposte.net</a></li>
</ul>
<h6><span style="color: #000000;"><strong><span style="font-size: large;">2. PAIN et PÂTES &#8211; <em>Franck PERRAULT</em> :</span></strong></span></h6>
<ul>
<li><a href="http://lesjardinsdelaroussiere.fr/wp-content/uploads/2025/11/Contrat-Pain-nov2025-avril2026.pdf" target="_blank" rel="noopener">Contrat pain novembre 2025 à avril 2026</a></li>
<li><a href="http://lesjardinsdelaroussiere.fr/wp-content/uploads/2025/11/Contrat-Pates-nov2025-avril2026.pdf" target="_blank" rel="noopener noreferrer">Contrat pâtes novembre 2025 à avril 2026</a></li>
</ul>
<h6><span style="color: #000000;"><strong><span style="font-size: large;">3. GRAINES et FARINES &#8211; <em>Grains des Loges, François BOISSINOT</em></span></strong></span><span style="color: #000000;"><strong><span style="font-size: large;"> :</span></strong></span></h6>
<ul>
<li><a href="http://lesjardinsdelaroussiere.fr/wp-content/uploads/2025/11/Contrat-Graines-et-Farines-AMAP-M-J-2026-v4-1.pdf" target="_blank" rel="noopener">Contrat graines et farines 2026</a></li>
</ul>
<h6><strong>4. CHAMPIGNONS &#8211; <em>La Ferme de Cédric, </em></strong><em><strong>Fabien PERRAULT :</strong></em></h6>
<ul>
<li><a href="http://lesjardinsdelaroussiere.fr/wp-content/uploads/2025/11/Contrat-CHAMPIGNONS-2025-2026-v2.pdf" target="_blank" rel="noopener">Contrat champignons septembre 2025 &#8211; mai 2026</a></li>
</ul>
<h6><span style="color: #000000;"><strong><span style="font-size: large;">5. FRUITS-OEUFS &#8211; <em>La Ronde des Fruits, Quentin OGER </em>:</span></strong></span></h6>
<ul>
<li><a href="http://lesjardinsdelaroussiere.fr/wp-content/uploads/2026/02/Contrat-Oeufs-2026.pdf" target="_blank" rel="noopener">Contrat œufs 2026</a></li>
<li><a href="http://lesjardinsdelaroussiere.fr/wp-content/uploads/2026/02/Contrat-Fruits-transformes-Mars-a-decembre-2026.pdf" target="_blank" rel="noopener">Contrat fruits transformés mars à décembre 2026</a></li>
<li><a href="http://lesjardinsdelaroussiere.fr/wp-content/uploads/2025/05/Contrat-Petits-fruits-juin-sept-2025.pdf" target="_blank" rel="noopener">Contrat petits fruits frais juin à septembre 2025</a></li>
</ul>
<h6><strong><span style="font-size: large;">6. FRUITS CORSES &#8211; <em>Coopérative ALIMERIA </em>:</span></strong></h6>
<ul>
<li><a href="http://lesjardinsdelaroussiere.fr/wp-content/uploads/2025/05/FRUITS-CORSES-nov-2025-mai-2026.pdf" target="_blank" rel="noopener">Contrat fruits corses nov 2025 &#8211; mai 2026</a></li>
<li><a href="http://lesjardinsdelaroussiere.fr/wp-content/uploads/2025/05/Contrat-clémentines-Noël-dec-2025.pdf" target="_blank" rel="noopener">Contrat clémentines de Noël décembre 2025</a></li>
<li><a href="http://lesjardinsdelaroussiere.fr/wp-content/uploads/2025/05/CONTRAT-ORANGE-EXCEPTIONNEL-01-2026.pdf" target="_blank" rel="noopener">Contrat exceptionnel oranges janvier 2026</a></li>
</ul>
<h6><strong><span style="font-size: large;">7 . MIEL &#8211; Méli-Mielo, <em>Jacky BOUNAUDET</em> :</span></strong></h6>
<ul>
<li><a href="http://lesjardinsdelaroussiere.fr/wp-content/uploads/2026/02/Contrat-Meli-Mielo-2026.pdf" target="_blank" rel="noopener">Contrat miel 2026</a></li>
</ul>
<h6><strong><span style="font-size: large;">8. PRODUITS LAITIERS &#8211; <em>Jérôme COCHARD</em> :</span></strong><a href="http://lesjardinsdelaroussiere.fr/wp-content/uploads/2022/04/contrats-produits-laitiers-vache-2022.pdf" target="_blank" rel="noopener noreferrer"> </a></h6>
<ul>
<li><a href="http://lesjardinsdelaroussiere.fr/wp-content/uploads/2025/11/Contrat-Pdts-laitiers-vache-nov2025-avr2026.pdf" target="_blank" rel="noopener">Contrat pdts laitiers vache novembre 2025 à avril 2026</a></li>
</ul>
<h6><strong><span style="font-size: large;">9. BOEUF &#8211; VEAU &#8211; PRODUITS LAITIERS BREBIS<br />
<em>Isabelle et Philippe BRISSET</em> :</span></strong></h6>
<ul>
<li><a href="http://lesjardinsdelaroussiere.fr/wp-content/uploads/2025/10/Contrat-Pdts-laitiers-brebis-oct2025-avr2026.pdf" target="_blank" rel="noopener">Contrat pdts laitiers brebis octobre 2025 à avril 2026</a></li>
<li><a href="http://lesjardinsdelaroussiere.fr/wp-content/uploads/2026/02/Contrat-Boeuf-Veau-Pdts-transformes-2026.pdf" target="_blank" rel="noopener">Contrat boeuf veau pdts transformés 2026</a></li>
</ul>
<h6><span style="color: #000000;"><strong><span style="font-size: large;">10. VOLAILLE  &#8211; <em>Audrey GAUDIN</em> :</span></strong></span></h6>
<ul>
<li><a href="http://lesjardinsdelaroussiere.fr/wp-content/uploads/2025/12/Contrat-Volailles-2026.pdf" target="_blank" rel="noopener">Contrat volailles 2026</a></li>
</ul>
<h6><span style="color: #000000;"><strong><span style="font-size: large;">11. PORC et AGNEAU &#8211; <em>Aurélie MARSAIS</em> :</span></strong></span></h6>
<ul>
<li><a href="http://lesjardinsdelaroussiere.fr/wp-content/uploads/2026/03/Contrat-Porc-2026-definitif.pdf" target="_blank" rel="noopener">Contrat porc et charcuterie 2026</a></li>
<li><a href="http://lesjardinsdelaroussiere.fr/wp-content/uploads/2026/03/Contrat-agneau-2026-pdf.pdf" target="_blank" rel="noopener">Contrat agneau 2026</a></li>
</ul>
<p>&nbsp;</p>

<p>&nbsp; Bulletin d&rsquo;adhésion AMAP : télécharger et remplir le bulletin adhésion 2026 envoyer un mail : lesjardinsdelaroussiere@laposte.net 1. LEGUMES &#8211; Thomas CHESNEAU : Contrat légumes novembre 2025 à avril 2026 Plus d&rsquo;infos sur ce contrat : envoyer un mail à &hellip; <a href="https://www.lesjardinsdelaroussiere.fr/?page_id=151">Continuer la lecture <span class="meta-nav">&rarr;</span></a></p>
